 + 2*z + 1. Let v(t) = t**2 - 9*t + 4. Calculate the remainder when v(11) is divided by u(-1).
5
Let s = -34 - -48. Let t be (-3)/(12/(-16)) + 1. Suppose 5 - 20 = -3*f, 5*n + t*f = 230. Calculate the remainder when n is divided by s.
13
Let a(k) = -k**2 + 10*k + 5. Suppose 8*n - 324 = 4*n. Calculate the remainder when n is divided by a(8).
18
Suppose 0 = -4*g + 30 + 98. What is the remainder when g is divided by 201/12 + 2/8?
15
Let q = 1 - 1. Suppose 2*n = -3*n + 20. Suppose q*j = -n*j + 200. Calculate the remainder when j is divided by 13.
11
Let k = -65 - -121. Calculate the remainder when 10 is divided by (-4)/6 - k/(-12).
2
Let m = 54 + -46. What is the remainder when 30 is divided by m?
6
Suppose -4*b = -2*b. Let h be (-1 - b/(-2))/(-1). What is the remainder when 5 is divided by (-3 - -4) + h*2?
2
Let c = -3 - -6. Let l(p) = 3*p**3 - 3*p**2 - 3. Calculate the remainder when l(2) is divided by c.
0
Let k(n) = 3*n. Let a be k(-3). What is the remainder when a/(-2)*44/6 is divided by 0/(6/2) + 17?
16
Let f = -68 - -121. What is the remainder when 156 is divided by f?
50
Let l(x) = 4*x**2 - 11*x. Calculate the remainder when 9 - 7/(14/(-4)) is divided by l(3).
2
Let x(u) = u**3 + u - 7. Let j be x(6). Let g = -125 + j. Suppose 4*n = 34 + g. What is the remainder when n is divided by 11?
9
Suppose -2*i + c - 10 = -c, 0 = -3*c + 3. Let h(o) = -o**2 - 5*o + 1. Let n be h(i). Suppose n*v - 274 = -39. What is the remainder when v is divided by 12?
11
Let a(g) = 5*g + 5. What is the remainder when 78 is divided by a(3)?
18
Calculate the remainder when 7*(-2)/(-4 - -2) is divided by 4.
3
Let t = 62 + -56. Let a(z) = -z**3 - z**2 + 2*z - 3. What is the remainder when a(-3) is divided by t?
3
Suppose b + 0*b = 5*i - 30, -i + 3*b = 8. Let g be (4/3)/((-6)/9). Let h(d) = d**3 + 3*d**2 - 1. What is the remainder when i is divided by h(g)?
1
Let b = 23 - -9. What is the remainder when b is divided by 15*(-2)/(-3) + 1?
10
Suppose -2*b = -0*b - y - 49, 4*b - 3*y - 99 = 0. What is the remainder when 94 is divided by b?
22
Suppose 0 = -4*b - 12, 2*t = t + 2*b + 8. Suppose -t*s = 2*f - 12, -5*f = -5*s - 4*f + 54. What is the remainder when 38 is divided by s?
8
Suppose -2*q + 297 = 7*q. Suppose -2*h - 13 = -3*h + a, 5*a = -4*h + 97. What is the remainder when q is divided by h?
15
Let y(k) = -9*k - 25. Calculate the remainder when y(-10) is divided by 17.
14
Let t(c) = -3*c - 17. Calculate the remainder when t(-8) is divided by 4.
3
Suppose 2*r + 4*l = -9 + 45, -3*r + 5*l + 32 = 0. What is the remainder when 39 is divided by r?
11
Suppose -3*c - x = -86, -150 = -8*c + 3*c - 5*x. What is the remainder when 277 is divided by c?
25
Let b(r) = -r**3 - 3*r**2 + 10*r + 8. Suppose 3*k + 2*k = -30. Calculate the remainder when b(k) is divided by 19.
18
Let m = 160 - 145. Calculate the remainder when m is divided by 9.
6
Let a(k) = k**3 - k**2 - 10*k + 6. Calculate the remainder when 39 is divided by a(4).
11
Let t(m) = -m**3 + 25*m**2 + 28*m - 21. What is the remainder when 152 is divided by t(26)?
28
Let z = -38 - -13. Let v = z - -66. Calculate the remainder when v is divided by 12/18 + (-40)/(-3).
13
Let d = -3 - -3. Suppose 0 = 4*q, j + 2*q + 2 + 4 = d. Let b(h) = -h**3 - 5*h**2 + 4*h - 2. Calculate the remainder when 29 is divided by b(j).
9
Let m(z) = -4*z**2 + 16*z + 1. What is the remainder when 2 is divided by m(4)?
0
Suppose 9 = 2*t - 11. What is the remainder when (-788)/(-20) + 6/(-15) is divided by t?
9
Suppose -s + b - 2*b = -20, -5*s - b = -88. Let c(d) = 2 + 9*d**2 - 3 + d**2. Calculate the remainder when s is divided by c(-1).
8
Let x be (1/(-3))/((-1)/21). Suppose -x*h = -2*h - 30. Suppose 3*d - 45 - 6 = 0. What is the remainder when d is divided by h?
5
Let l = -3 + 16. What is the remainder when l is divided by 0 - 1 - (-12)/2?
3
Let u(m) = -4*m - 7. Let p be -4 + (-1 - 0/(-2)). What is the remainder when 49 is divided by u(p)?
10
Suppose -9*m + 4*m + 10 = 0. Suppose 4 - 6 = -3*j - m*f, -4*j - 5*f - 2 = 0. What is the remainder when 5 is divided by j?
1
Let x(i) = -2*i**2 - 3*i + 3. Let c be x(-3). What is the remainder when c/9 + (-80)/(-3) is divided by (3*3)/(25/(-5) + 6)?
8
Let j = 10 + -6. Calculate the remainder when 3 + (48/3)/4 is divided by j.
3
Let z = 186 - 130. What is the remainder when z is divided by 29?
27
Suppose -5 - 35 = -5*l. Suppose 3*k - 15 = -5*y, -2*y + 7*y - 4*k = 15. What is the remainder when l is divided by y?
2
Let o = 108 - 53. What is the remainder when 23 is divided by (-10)/o - (-268)/22?
11
Let b = -56 - -72. Calculate the remainder when 63 is divided by b.
15
Let g(u) = -8*u - 3. Suppose 0*q = -3*q + 12. Let i(c) = 8*c + 3. Let y(n) = q*i(n) + 5*g(n). Calculate the remainder when y(-3) is divided by 11.
10
Suppose 3*h + 0*h = 6, 46 = 2*j + 5*h. What is the remainder when 143 is divided by j?
17
What is the remainder when 185 is divided by (-305)/(-15) + (-8)/6?
14
Suppose -49 = -6*x + 71. What is the remainder when 78 is divided by x?
18
Let o(d) = -d**3 - 7*d**2 - 2*d + 9. What is the remainder when o(-7) is divided by 2/(-4) + 39/6?
5
Let c(t) = -t + 9. Let w be c(9). Suppose w = 2*k - k - 49. Suppose 5*s - k = 16. Calculate the remainder when 38 is divided by s.
12
Suppose -i - 8 = -3*c - 0*c, 5*c = -5*i + 60. Let h = -16 - -36. Calculate the remainder when h is divided by i.
6
Calculate the remainder when ((-76)/(-6))/(4/6) is divided by 5.
4
Suppose 2*k + 5*y + 1 = 0, 0 = 6*k - 3*k - 3*y - 9. Suppose 5*t - 119 = k*n + n, -5*n = -2*t + 40. What is the remainder when 47 is divided by t?
22
Let x(u) = u + 7. Let w(b) = -b**3 + 4*b**2 + 5*b + 8. Calculate the remainder when x(7) is divided by w(5).
6
Let s(d) = d**3 - 12*d**2 + 13*d. Let k(z) = -z**3 - 5*z**2 - 5*z - 2. What is the remainder when k(-6) is divided by s(11)?
20
Let b = -122 + 201. Calculate the remainder when b is divided by 16.
15
Let z = -2 + 4. Suppose s = -2*q + 55 + 13, z*s = -q + 34. Calculate the remainder when q is divided by 9.
7
Let q = 58 + -55. Calculate the remainder when 11 is divided by q.
2
Let y(z) = 13*z**2 - 2*z - 4. What is the remainder when y(-2) is divided by 14?
10
Let p = -2 + 4. Calculate the remainder when (-82)/(-4) + p/4 is divided by (4/(-16))/((-2)/88).
10
Let s(p) = -p + 1. Suppose 5*o - 5 + 25 = 0. Let n = 2 - -7. What is the remainder when n is divided by s(o)?
4
Let r(d) = 22*d + 4. What is the remainder when r(2) is divided by 13?
9
Let n(o) = 49*o + 1. Suppose -3*u = w + 3 + 13, 4*u + 19 = w. Let f be n(w). Let a = 103 + f. What is the remainder when a is divided by 19?
17
Let v(k) = 0*k**2 + k**3 - 4*k**2 + 3 - 8 + 2*k. Let c be v(4). Suppose 5*x - c*x - 4 = 0. Calculate the remainder when 4 is divided by x.
0
Let o(x) = -10*x - 92. Let c = -57 + 87. What is the remainder when c is divided by o(-10)?
6
Let h(z) = z - 32. Let l be h(0). Suppose 4*u - s = -3*s + 218, 4*u - 2*s - 206 = 0. Let r = u + l. What is the remainder when 62 is divided by r?
20
Let q = 32 - 15. Let z = 32 - -18. What is the remainder when z is divided by q?
16
Suppose -x + 34 = 7. What is the remainder when 76 is divided by x?
22
Suppose -175 = -5*a + 4*c, 3*a - 2*c - 81 - 26 = 0. Calculate the remainder when 116 is divided by a.
38
Let l(t) = -2*t + 2. Let m be l(4). Let a = m - -45. What is the remainder when a is divided by 10?
9
Suppose 0 = w - 6 + 4. Suppose 5 = y - w*g, g = -2*y - 2*g + 31. Calculate the remainder when (-129)/(-4) - 1/4 is divided by y.
10
Let v be 2/(3 - (-4)/(-1)). Let y(r) = 4*r. Let h(q) = -4*q + 1. Let n(i) = v*h(i) - 3*y(i). Calculate the remainder when 11 is divided by n(-2).
5
Suppose 3*k + 14 = 4*h, k - 8 = -5*h - 0. What is the remainder when (-1 + h)/(4/8) is divided by 2?
0
Suppose -2*z + 20 = 5*q - 16, -2*z + 4*q = -72. Let l be (-2 - 1/2)*2. Calculate the remainder when z is divided by (-2 - l)*(-20)/(-6).
8
Suppose -5*a + 55 = -4*y, -4*a = -8*y + 3*y - 44. Calculate the remainder when 31 is divided by a.
9
Let f = 41 - 27. What is the remainder when 152 is divided by f?
12
Suppose 60 = -0*s + 5*s. Calculate the remainder when 45 is divided by s.
9
Let m(d) = -6*d + 2. Suppose -2*a = -a + 4. Calculate the remainder when m(a) is divided by 14.
12
Suppose -2*j + 13 + 3 = -2*t, 0 = -5*j + 2*t + 25. 